{"id":1417,"date":"2019-03-22T18:52:52","date_gmt":"2019-03-22T18:52:52","guid":{"rendered":"https:\/\/fundacioncie.org.mx\/InformeAnual\/?page_id=1417"},"modified":"2023-01-10T19:25:23","modified_gmt":"2023-01-11T01:25:23","slug":"cuenta-cuentos","status":"publish","type":"page","link":"https:\/\/fundacioncie.org.mx\/InformeAnual\/cuenta-cuentos\/","title":{"rendered":"Cuenta Cuentos"},"content":{"rendered":"<section class=\"wpb-content-wrapper\"><p>[vc_row][vc_column css=&#8221;.vc_custom_1554336389308{margin-top: 30px !important;margin-bottom: -20px !important;border-bottom-width: -20px !important;padding-bottom: -20px !important;}&#8221;][vc_column_text]<img decoding=\"async\" loading=\"lazy\" class=\"size-full wp-image-1625 aligncenter\" src=\"https:\/\/fundacioncie.org.mx\/InformeAnual\/wp-content\/uploads\/2019\/04\/slider-cuentosok1.jpg\" alt=\"\" width=\"1280\" height=\"855\" srcset=\"https:\/\/fundacioncie.org.mx\/InformeAnual\/wp-content\/uploads\/2019\/04\/slider-cuentosok1.jpg 1280w, https:\/\/fundacioncie.org.mx\/InformeAnual\/wp-content\/uploads\/2019\/04\/slider-cuentosok1-300x200.jpg 300w, https:\/\/fundacioncie.org.mx\/InformeAnual\/wp-content\/uploads\/2019\/04\/slider-cuentosok1-768x513.jpg 768w, https:\/\/fundacioncie.org.mx\/InformeAnual\/wp-content\/uploads\/2019\/04\/slider-cuentosok1-1024x684.jpg 1024w, https:\/\/fundacioncie.org.mx\/InformeAnual\/wp-content\/uploads\/2019\/04\/slider-cuentosok1-600x401.jpg 600w\" sizes=\"(max-width: 1280px) 100vw, 1280px\" \/>[\/vc_column_text][\/vc_column][\/vc_row][vc_section][vc_row][vc_column][vc_column_text]Buscamos poner al alcance de los ni\u00f1os herramientas para que puedan desarrollar habilidades de pensamiento anal\u00f3gico y contextual con la finalidad de incrementar sus capacidades y dones para alcanzar su m\u00e1ximo potencial.[\/vc_column_text][\/vc_column][\/vc_row][vc_row][vc_column width=&#8221;1\/3&#8243;][vc_column_text]<\/p>\n<h2 style=\"text-align: center;\">12 Eventos<\/h2>\n<p style=\"text-align: center;\">Contamos con la participaci\u00f3n de talentosos artistas pertenecientes a obras de teatro musical presentadas por OCESA, as\u00ed como de voluntarios de Fundaci\u00f3n CIE.<\/p>\n<p>[\/vc_column_text][\/vc_column][vc_column width=&#8221;1\/3&#8243;][vc_column_text]<\/p>\n<h2 style=\"text-align: center;\">1,274 Beneficiarios<\/h2>\n<p style=\"text-align: center;\">Ni\u00f1as y ni\u00f1os de escasos recursos, en tratamiento de enfermedades, en condici\u00f3n de abandono, hijas e hijos de madres privadas de su libertad.<\/p>\n<p>[\/vc_column_text][\/vc_column][vc_column width=&#8221;1\/3&#8243;][vc_column_text]<\/p>\n<h2 style=\"text-align: center;\">15 Instituciones<\/h2>\n<p style=\"text-align: center;\">Gubernamentales, Asociaciones Civiles (A.C.), Instituciones de Asistencia Privada (I.A.P.) y Asociaciones de Beneficencia P\u00fablica.<\/p>\n<p>[\/vc_column_text][\/vc_column][\/vc_row][\/vc_section][vc_row][vc_column][vc_column_text]\n<div class=\"gdgallery-gallery-container\" id=\"gdgallery-container-6\" data-id=\"6\">\n    <h3 class='gdgallery_title_h3' style='text-align: center;'>Hogar Dulce Hogar A.C.<\/h3>\n<div id=\"gdgallery_container_6\" style=\"display:none;\" data-view=\"carousel\">\n            <a href=\"\">\n            <img alt=\"\"\n                 data-type=\"image\"\n                 src=\"https:\/\/fundacioncie.org.mx\/InformeAnual\/wp-content\/uploads\/2019\/04\/Voluntarios-en-Cuenta-Cuentos-para-Hogar-Dulce-Hogar-A.C.-2.jpg\"\n                 data-image=\"https:\/\/fundacioncie.org.mx\/InformeAnual\/wp-content\/uploads\/2019\/04\/Voluntarios-en-Cuenta-Cuentos-para-Hogar-Dulce-Hogar-A.C.-2.jpg\"\n                 data-description=\"\"\n                                 style=\"display:block\">\n        <\/a>\n            <a href=\"\">\n            <img alt=\"\"\n                 data-type=\"image\"\n                 src=\"https:\/\/fundacioncie.org.mx\/InformeAnual\/wp-content\/uploads\/2019\/04\/Voluntarios-en-Cuenta-Cuentos-para-Hogar-Dulce-Hogar-A.C..jpg\"\n                 data-image=\"https:\/\/fundacioncie.org.mx\/InformeAnual\/wp-content\/uploads\/2019\/04\/Voluntarios-en-Cuenta-Cuentos-para-Hogar-Dulce-Hogar-A.C..jpg\"\n                 data-description=\"\"\n                                 style=\"display:block\">\n        <\/a>\n            <a href=\"\">\n            <img alt=\"\"\n                 data-type=\"image\"\n                 src=\"https:\/\/fundacioncie.org.mx\/InformeAnual\/wp-content\/uploads\/2019\/04\/Voluntarios-en-Cuenta-Cuentos-para-Hogar-Dulce-Hogar-A.C.jpg\"\n                 data-image=\"https:\/\/fundacioncie.org.mx\/InformeAnual\/wp-content\/uploads\/2019\/04\/Voluntarios-en-Cuenta-Cuentos-para-Hogar-Dulce-Hogar-A.C.jpg\"\n                 data-description=\"\"\n                                 style=\"display:block\">\n        <\/a>\n    <\/div>\n\n<script type=\"text\/javascript\">\n\n    (function() {\n        var runMyCode = function() {\n            jQuery(document).ready(function () {\n                var container = jQuery(\"#gdgallery_container_6\");\n                container.unitegallery({\"gallery_theme\":\"carousel\",\"carousel_space_between_tiles\":10,\"tile_width\":200,\"tile_height\":\"200\",\"tile_enable_outline\":false,\"theme_carousel_align\":\"center\",\"carousel_navigation_numtiles\":1,\"carousel_scroll_duration\":500,\"carousel_autoplay\":true,\"carousel_autoplay_timeout\":\"3000\",\"carousel_autoplay_direction\":\"right\",\"carousel_autoplay_pause_onhover\":true,\"theme_enable_navigation\":true,\"theme_navigation_position\":\"bottom\",\"theme_navigation_align\":\"center\",\"theme_navigation_enable_play\":true,\"theme_space_between_arrows\":\"20\",\"tile_enable_textpanel\":true,\"tile_textpanel_always_on\":true,\"tile_textpanel_title_text_align\":\"center\",\"tile_textpanel_title_font_size\":\"16\",\"tile_textpanel_title_color\":\"#FFFFFF\",\"tile_textpanel_bg_color\":\"#333333\",\"tile_textpanel_bg_opacity\":0.6999999999999999555910790149937383830547332763671875,\"tile_enable_border\":true,\"tile_border_width\":\"0\",\"tile_border_color\":\"#333333\",\"tile_border_radius\":\"0\",\"tile_enable_overlay\":true,\"tile_enable_image_effect\":true,\"tile_image_effect_type\":\"blur\",\"tile_image_effect_reverse\":true,\"tile_enable_shadow\":false,\"tile_as_link\":false,\"tile_enable_icons\":true,\"tile_show_link_icon\":true,\"tile_textpanel_appear_type\":\"slide\",\"tile_textpanel_position\":\"inside_bottom\",\"tile_link_newpage\":true,\"lightbox_type\":\"wide\",\"lightbox_arrows_offset\":0,\"lightbox_overlay_color\":\"#000000\",\"lightbox_overlay_opacity\":1,\"lightbox_top_panel_opacity\":1,\"lightbox_show_numbers\":true,\"lightbox_numbers_size\":\"15\",\"lightbox_numbers_color\":\"#FFFFFF\",\"lightbox_slider_image_border_width\":\"0\",\"lightbox_slider_image_border_color\":\"#FFFFFF\",\"lightbox_slider_image_border_radius\":0,\"lightbox_slider_image_shadow\":true,\"lightbox_slider_control_swipe\":true,\"lightbox_slider_control_zoom\":true,\"lightbox_slider_image_border\":true,\"lightbox_show_textpanel\":true,\"lightbox_textpanel_enable_title\":true,\"lightbox_textpanel_enable_description\":false,\"lightbox_textpanel_padding_top\":5,\"lightbox_textpanel_padding_bottom\":5,\"lightbox_textpanel_padding_right\":5,\"lightbox_textpanel_padding_left\":5,\"lightbox_textpanel_title_color\":\"#FFFFFF\",\"lightbox_textpanel_title_text_align\":\"center\",\"lightbox_textpanel_title_font_size\":\"16\",\"lightbox_textpanel_desc_color\":\"#FFFFFF\",\"lightbox_textpanel_desc_text_align\":\"center\",\"lightbox_textpanel_desc_font_size\":\"14\"});\n            });\n        };\n        var timer = function() {\n            if (window.jQuery) {runMyCode(window.jQuery);}\n            else {window.setTimeout(timer, 100);}\n        };\n        timer();\n    })();\n\n\n<\/script><style>\n#gdgallery-container-6 a.ug-thumb-wrapper{\n    box-shadow: none !important;\n}\n\n.ug-lightbox .ug-lightbox-top-panel-overlay{\n    background-color: #000000 !important;\n}\n\n#gdgallery_container_6{}<\/style>\n<\/div>\n\n\n\n\n\n[\/vc_column_text][\/vc_column][\/vc_row][vc_row][vc_column][vc_column_text]\n<div class=\"gdgallery-gallery-container\" id=\"gdgallery-container-7\" data-id=\"7\">\n    <h3 class='gdgallery_title_h3' style='text-align: center;'>Alimento para Todos I.A.P.<\/h3>\n<div id=\"gdgallery_container_7\" style=\"display:none;\" data-view=\"carousel\">\n            <a href=\"\">\n            <img alt=\"\"\n                 data-type=\"image\"\n                 src=\"https:\/\/fundacioncie.org.mx\/InformeAnual\/wp-content\/uploads\/2019\/04\/Voluntarios-en-Cuenta-Cuentos-para-Alimentos-Para-Todos-I.A.P.png\"\n                 data-image=\"https:\/\/fundacioncie.org.mx\/InformeAnual\/wp-content\/uploads\/2019\/04\/Voluntarios-en-Cuenta-Cuentos-para-Alimentos-Para-Todos-I.A.P.png\"\n                 data-description=\"\"\n                                 style=\"display:block\">\n        <\/a>\n            <a href=\"\">\n            <img alt=\"\"\n                 data-type=\"image\"\n                 src=\"https:\/\/fundacioncie.org.mx\/InformeAnual\/wp-content\/uploads\/2019\/04\/Voluntarios-en-Cuenta-Cuentos-para-Alimentos-Para-Todos-I.A.P..jpg\"\n                 data-image=\"https:\/\/fundacioncie.org.mx\/InformeAnual\/wp-content\/uploads\/2019\/04\/Voluntarios-en-Cuenta-Cuentos-para-Alimentos-Para-Todos-I.A.P..jpg\"\n                 data-description=\"\"\n                                 style=\"display:block\">\n        <\/a>\n            <a href=\"\">\n            <img alt=\".\"\n                 data-type=\"image\"\n                 src=\"https:\/\/fundacioncie.org.mx\/InformeAnual\/wp-content\/uploads\/2019\/04\/Voluntarios-en-Cuenta-Cuentos-para-Alimento-Para-Todos-I.A.P..png\"\n                 data-image=\"https:\/\/fundacioncie.org.mx\/InformeAnual\/wp-content\/uploads\/2019\/04\/Voluntarios-en-Cuenta-Cuentos-para-Alimento-Para-Todos-I.A.P..png\"\n                 data-description=\"\"\n                                 style=\"display:block\">\n        <\/a>\n            <a href=\"\">\n            <img alt=\"\"\n                 data-type=\"image\"\n                 src=\"https:\/\/fundacioncie.org.mx\/InformeAnual\/wp-content\/uploads\/2019\/04\/Voluntarios-en-Cuenta-Cuentos-para-Alimento-Para-Todos-I.A.P..jpg\"\n                 data-image=\"https:\/\/fundacioncie.org.mx\/InformeAnual\/wp-content\/uploads\/2019\/04\/Voluntarios-en-Cuenta-Cuentos-para-Alimento-Para-Todos-I.A.P..jpg\"\n                 data-description=\"\"\n                                 style=\"display:block\">\n        <\/a>\n    <\/div>\n\n<script type=\"text\/javascript\">\n\n    (function() {\n        var runMyCode = function() {\n            jQuery(document).ready(function () {\n                var container = jQuery(\"#gdgallery_container_7\");\n                container.unitegallery({\"gallery_theme\":\"carousel\",\"carousel_space_between_tiles\":10,\"tile_width\":200,\"tile_height\":\"200\",\"tile_enable_outline\":false,\"theme_carousel_align\":\"center\",\"carousel_navigation_numtiles\":1,\"carousel_scroll_duration\":500,\"carousel_autoplay\":true,\"carousel_autoplay_timeout\":\"3000\",\"carousel_autoplay_direction\":\"right\",\"carousel_autoplay_pause_onhover\":true,\"theme_enable_navigation\":true,\"theme_navigation_position\":\"bottom\",\"theme_navigation_align\":\"center\",\"theme_navigation_enable_play\":true,\"theme_space_between_arrows\":\"20\",\"tile_enable_textpanel\":true,\"tile_textpanel_always_on\":true,\"tile_textpanel_title_text_align\":\"center\",\"tile_textpanel_title_font_size\":\"16\",\"tile_textpanel_title_color\":\"#FFFFFF\",\"tile_textpanel_bg_color\":\"#333333\",\"tile_textpanel_bg_opacity\":0.6999999999999999555910790149937383830547332763671875,\"tile_enable_border\":true,\"tile_border_width\":\"0\",\"tile_border_color\":\"#333333\",\"tile_border_radius\":\"0\",\"tile_enable_overlay\":true,\"tile_enable_image_effect\":true,\"tile_image_effect_type\":\"blur\",\"tile_image_effect_reverse\":true,\"tile_enable_shadow\":false,\"tile_as_link\":false,\"tile_enable_icons\":true,\"tile_show_link_icon\":true,\"tile_textpanel_appear_type\":\"slide\",\"tile_textpanel_position\":\"inside_bottom\",\"tile_link_newpage\":true,\"lightbox_type\":\"wide\",\"lightbox_arrows_offset\":0,\"lightbox_overlay_color\":\"#000000\",\"lightbox_overlay_opacity\":1,\"lightbox_top_panel_opacity\":1,\"lightbox_show_numbers\":true,\"lightbox_numbers_size\":\"15\",\"lightbox_numbers_color\":\"#FFFFFF\",\"lightbox_slider_image_border_width\":\"0\",\"lightbox_slider_image_border_color\":\"#FFFFFF\",\"lightbox_slider_image_border_radius\":0,\"lightbox_slider_image_shadow\":true,\"lightbox_slider_control_swipe\":true,\"lightbox_slider_control_zoom\":true,\"lightbox_slider_image_border\":true,\"lightbox_show_textpanel\":true,\"lightbox_textpanel_enable_title\":true,\"lightbox_textpanel_enable_description\":false,\"lightbox_textpanel_padding_top\":5,\"lightbox_textpanel_padding_bottom\":5,\"lightbox_textpanel_padding_right\":5,\"lightbox_textpanel_padding_left\":5,\"lightbox_textpanel_title_color\":\"#FFFFFF\",\"lightbox_textpanel_title_text_align\":\"center\",\"lightbox_textpanel_title_font_size\":\"16\",\"lightbox_textpanel_desc_color\":\"#FFFFFF\",\"lightbox_textpanel_desc_text_align\":\"center\",\"lightbox_textpanel_desc_font_size\":\"14\"});\n            });\n        };\n        var timer = function() {\n            if (window.jQuery) {runMyCode(window.jQuery);}\n            else {window.setTimeout(timer, 100);}\n        };\n        timer();\n    })();\n\n\n<\/script><style>\n#gdgallery-container-7 a.ug-thumb-wrapper{\n    box-shadow: none !important;\n}\n\n.ug-lightbox .ug-lightbox-top-panel-overlay{\n    background-color: #000000 !important;\n}\n\n#gdgallery_container_7{}<\/style>\n<\/div>\n\n\n\n\n\n[\/vc_column_text][\/vc_column][\/vc_row][vc_row][vc_column][vc_column_text]\n<div class=\"gdgallery-gallery-container\" id=\"gdgallery-container-4\" data-id=\"4\">\n    <h3 class='gdgallery_title_h3' style='text-align: center;'>Casa Hogar Ni\u00f1as de Tl\u00e1huac I.A.P<\/h3>\n<div id=\"gdgallery_container_4\" style=\"display:none;\" data-view=\"carousel\">\n            <a href=\"\">\n            <img alt=\"\"\n                 data-type=\"image\"\n                 src=\"https:\/\/fundacioncie.org.mx\/InformeAnual\/wp-content\/uploads\/2019\/04\/Daniela-Luj\u00e1n-en-Casa-Hogar-Ni\u00f1as-de-Tl\u00e1huac-I.A.P.png\"\n                 data-image=\"https:\/\/fundacioncie.org.mx\/InformeAnual\/wp-content\/uploads\/2019\/04\/Daniela-Luj\u00e1n-en-Casa-Hogar-Ni\u00f1as-de-Tl\u00e1huac-I.A.P.png\"\n                 data-description=\"\"\n                                 style=\"display:block\">\n        <\/a>\n            <a href=\"\">\n            <img alt=\"\"\n                 data-type=\"image\"\n                 src=\"https:\/\/fundacioncie.org.mx\/InformeAnual\/wp-content\/uploads\/2019\/04\/Daniela-Luj\u00e1n-en-Casa-Hogar-Ni\u00f1as-de-Tl\u00e1huac-I.A.P..png\"\n                 data-image=\"https:\/\/fundacioncie.org.mx\/InformeAnual\/wp-content\/uploads\/2019\/04\/Daniela-Luj\u00e1n-en-Casa-Hogar-Ni\u00f1as-de-Tl\u00e1huac-I.A.P..png\"\n                 data-description=\"\"\n                                 style=\"display:block\">\n        <\/a>\n            <a href=\"\">\n            <img alt=\"\"\n                 data-type=\"image\"\n                 src=\"https:\/\/fundacioncie.org.mx\/InformeAnual\/wp-content\/uploads\/2019\/04\/Daniela-Luj\u00e1n-en-Casa-Hogar-Ni\u00f1as-de-Tl\u00e1huac-I.A.P..jpg\"\n                 data-image=\"https:\/\/fundacioncie.org.mx\/InformeAnual\/wp-content\/uploads\/2019\/04\/Daniela-Luj\u00e1n-en-Casa-Hogar-Ni\u00f1as-de-Tl\u00e1huac-I.A.P..jpg\"\n                 data-description=\"\"\n                                 style=\"display:block\">\n        <\/a>\n    <\/div>\n\n<script type=\"text\/javascript\">\n\n    (function() {\n        var runMyCode = function() {\n            jQuery(document).ready(function () {\n                var container = jQuery(\"#gdgallery_container_4\");\n                container.unitegallery({\"gallery_theme\":\"carousel\",\"carousel_space_between_tiles\":10,\"tile_width\":200,\"tile_height\":\"200\",\"tile_enable_outline\":false,\"theme_carousel_align\":\"center\",\"carousel_navigation_numtiles\":1,\"carousel_scroll_duration\":500,\"carousel_autoplay\":true,\"carousel_autoplay_timeout\":\"3000\",\"carousel_autoplay_direction\":\"right\",\"carousel_autoplay_pause_onhover\":true,\"theme_enable_navigation\":true,\"theme_navigation_position\":\"bottom\",\"theme_navigation_align\":\"center\",\"theme_navigation_enable_play\":true,\"theme_space_between_arrows\":\"20\",\"tile_enable_textpanel\":true,\"tile_textpanel_always_on\":true,\"tile_textpanel_title_text_align\":\"center\",\"tile_textpanel_title_font_size\":\"16\",\"tile_textpanel_title_color\":\"#FFFFFF\",\"tile_textpanel_bg_color\":\"#333333\",\"tile_textpanel_bg_opacity\":0.6999999999999999555910790149937383830547332763671875,\"tile_enable_border\":true,\"tile_border_width\":\"0\",\"tile_border_color\":\"#333333\",\"tile_border_radius\":\"0\",\"tile_enable_overlay\":true,\"tile_enable_image_effect\":true,\"tile_image_effect_type\":\"blur\",\"tile_image_effect_reverse\":true,\"tile_enable_shadow\":false,\"tile_as_link\":false,\"tile_enable_icons\":true,\"tile_show_link_icon\":true,\"tile_textpanel_appear_type\":\"slide\",\"tile_textpanel_position\":\"inside_bottom\",\"tile_link_newpage\":true,\"lightbox_type\":\"wide\",\"lightbox_arrows_offset\":0,\"lightbox_overlay_color\":\"#000000\",\"lightbox_overlay_opacity\":1,\"lightbox_top_panel_opacity\":1,\"lightbox_show_numbers\":true,\"lightbox_numbers_size\":\"15\",\"lightbox_numbers_color\":\"#FFFFFF\",\"lightbox_slider_image_border_width\":\"0\",\"lightbox_slider_image_border_color\":\"#FFFFFF\",\"lightbox_slider_image_border_radius\":0,\"lightbox_slider_image_shadow\":true,\"lightbox_slider_control_swipe\":true,\"lightbox_slider_control_zoom\":true,\"lightbox_slider_image_border\":true,\"lightbox_show_textpanel\":true,\"lightbox_textpanel_enable_title\":true,\"lightbox_textpanel_enable_description\":false,\"lightbox_textpanel_padding_top\":5,\"lightbox_textpanel_padding_bottom\":5,\"lightbox_textpanel_padding_right\":5,\"lightbox_textpanel_padding_left\":5,\"lightbox_textpanel_title_color\":\"#FFFFFF\",\"lightbox_textpanel_title_text_align\":\"center\",\"lightbox_textpanel_title_font_size\":\"16\",\"lightbox_textpanel_desc_color\":\"#FFFFFF\",\"lightbox_textpanel_desc_text_align\":\"center\",\"lightbox_textpanel_desc_font_size\":\"14\"});\n            });\n        };\n        var timer = function() {\n            if (window.jQuery) {runMyCode(window.jQuery);}\n            else {window.setTimeout(timer, 100);}\n        };\n        timer();\n    })();\n\n\n<\/script><style>\n#gdgallery-container-4 a.ug-thumb-wrapper{\n    box-shadow: none !important;\n}\n\n.ug-lightbox .ug-lightbox-top-panel-overlay{\n    background-color: #000000 !important;\n}\n\n#gdgallery_container_4{}<\/style>\n<\/div>\n\n\n\n\n\n[\/vc_column_text][\/vc_column][\/vc_row]<\/p>\n<\/section>","protected":false},"excerpt":{"rendered":"<p>[vc_row][vc_column css=&#8221;.vc_custom_1554336389308{margin-top: 30px !important;margin-bottom: -20px !important;border-bottom-width: -20px !important;padding-bottom: -20px !important;}&#8221;][vc_column_text][\/vc_column_text][\/vc_column][\/vc_row][vc_section][vc_row][vc_column][vc_column_text]Buscamos poner al alcance de los ni\u00f1os herramientas para que puedan desarrollar habilidades de pensamiento anal\u00f3gico y contextual con la finalidad de incrementar sus capacidades y dones para alcanzar su m\u00e1ximo potencial.[\/vc_column_text][\/vc_column][\/vc_row][vc_row][vc_column width=&#8221;1\/3&#8243;][vc_column_text] 12 Eventos Contamos con la participaci\u00f3n de talentosos artistas pertenecientes a obras de &hellip;<\/p>\n<p class=\"read-more\"> <a class=\"\" href=\"https:\/\/fundacioncie.org.mx\/InformeAnual\/cuenta-cuentos\/\"> <span class=\"screen-reader-text\">Cuenta Cuentos<\/span> Read More &raquo;<\/a><\/p>\n","protected":false},"author":1,"featured_media":0,"parent":0,"menu_order":0,"comment_status":"closed","ping_status":"closed","template":"","meta":{"site-sidebar-layout":"no-sidebar","site-content-layout":"plain-container","ast-global-header-display":"","ast-main-header-display":"","ast-hfb-above-header-display":"","ast-hfb-below-header-display":"","ast-hfb-mobile-header-display":"","site-post-title":"disabled","ast-breadcrumbs-content":"","ast-featured-img":"disabled","footer-sml-layout":"","theme-transparent-header-meta":"default","adv-header-id-meta":"","stick-header-meta":"","header-above-stick-meta":"","header-main-stick-meta":"","header-below-stick-meta":""},"_links":{"self":[{"href":"https:\/\/fundacioncie.org.mx\/InformeAnual\/wp-json\/wp\/v2\/pages\/1417"}],"collection":[{"href":"https:\/\/fundacioncie.org.mx\/InformeAnual\/wp-json\/wp\/v2\/pages"}],"about":[{"href":"https:\/\/fundacioncie.org.mx\/InformeAnual\/wp-json\/wp\/v2\/types\/page"}],"author":[{"embeddable":true,"href":"https:\/\/fundacioncie.org.mx\/InformeAnual\/wp-json\/wp\/v2\/users\/1"}],"replies":[{"embeddable":true,"href":"https:\/\/fundacioncie.org.mx\/InformeAnual\/wp-json\/wp\/v2\/comments?post=1417"}],"version-history":[{"count":17,"href":"https:\/\/fundacioncie.org.mx\/InformeAnual\/wp-json\/wp\/v2\/pages\/1417\/revisions"}],"predecessor-version":[{"id":1725,"href":"https:\/\/fundacioncie.org.mx\/InformeAnual\/wp-json\/wp\/v2\/pages\/1417\/revisions\/1725"}],"wp:attachment":[{"href":"https:\/\/fundacioncie.org.mx\/InformeAnual\/wp-json\/wp\/v2\/media?parent=1417"}],"curies":[{"name":"wp","href":"https:\/\/api.w.org\/{rel}","templated":true}]}}